ime number?
True
Let c(q) = 6*q + 14*q**2 - 1 - 4 - q**3 + q - 3*q. Is c(8) a composite number?
True
Is 762*(6/(-4) - -2) prime?
False
Suppose 3*h - f = -1, f - 9 = -3*h + 4*f. Is 1 + (h - -1) + 74 a prime number?
False
Suppose -s - 6 + 4 = 5*r, 2*r - 2*s = -8. Is 1/(3/(-363)*r) composite?
True
Let k = 32 + -9. Is k prime?
True
Let x be 2/8 - 49/(-28). Let z(p) = -7*p - x*p - 10*p**2 + 11 + 0*p**2 - 4*p**3 + 3*p**3. Is z(-9) composite?
False
Let k = 210 - -575. Is k prime?
False
Let c(h) = 0*h - h**3 - 5*h**2 - 5 - 5*h - 1. Let d be c(-5). Let o = 34 + d. Is o composite?
False
Let g(w) = -5*w**2 + w - 1. Let m(h) = 4*h**2 - 2*h + 1. Let j(k) = -4*g(k) - 3*m(k). Is j(-5) composite?
False
Let f = -3 + 0. Is -2 + (f - -3) + 81 a composite number?
False
Let z(p) = 301*p**3 - p**2 + 1. Is z(1) composite?
True
Let r be 53/(28/8 + (-3)/1). Suppose -3*q = q + 188. Let g = r + q. Is g a prime number?
True
Let r(c) be the third derivative of c**5/60 + c**4/24 + 13*c**3/6 + 2*c**2. Let u = 1 - 1. Is r(u) a prime number?
True
Let r = -19 - -13. Let y = r - -8. Suppose 0 = 4*c - 4*b + 3 - 19, y*c - 9 = 3*b. Is c a composite number?
False
Let q(u) = -u - 9. Let y be q(0). Is y/21 - 156/(-21) prime?
True
Let n be (-174)/9*2610/(-4). Let l be n/25 - 4/(-10). Suppose -5*i + 638 = -m, i = 5*i + m - l. Is i composite?
False
Suppose -557 = -3*c + 5*n, -c - 3*n = -5*c + 728. Is c prime?
True
Let n = 397 + -657. Is (1/(-2))/(2/n) a composite number?
True
Let q = -3 - -7. Let s = 26 - q. Suppose s = 5*l - 28. Is l prime?
False
Let d(s) = 8*s**2 - 3*s + 1. Let z be d(2). Let b be 515/(-9) + 6/z. Let j = -22 - b. Is j a composite number?
True
Let q(i) = 96*i + 23. Is q(10) prime?
True
Let i(u) = u**3 - 3*u**2 + 3*u + 2. Let b be i(4). Let p = b + -17. Is p prime?
True
Let l = -420 + 812. Suppose -l = -4*t - 4*x, 4*t + 4*x = 3*t + 107. Is t a composite number?
True
Let s = -305 - -772. Is s a prime number?
True
Suppose 3*w + 2*w + 44 = 4*a, -3*w - 18 = -a. Let f = 41 + a. Is f a composite number?
False
Let u(t) = 77*t**2 + 2*t - 4 + 5 + 0. Let r be u(-1). Suppose 4*h + 0*h = r. Is h composite?
False
Suppose 0 = 2*s - q - 1024, 0 = 4*s - 4*q - 478 - 1574. Is s composite?
True
Suppose -5763 = -29*x + 26*x. Is x a prime number?
False
Suppose 8 = 3*q - q. Is ((-2)/q)/(2/(-12)) a composite number?
False
Let z(g) = g**3 + 5*g**2 - 2*g - 5. Let q be z(-5). Suppose -5*v = -q*u + 340, -4*u + 0*v = v - 257. Is u a composite number?
True
Is (-3)/4*(-1256)/6 a prime number?
True
Let r be (-492)/(-7) + 14/(-49). Is (4 + r)/((-4)/(-14)) composite?
True
Suppose -3*c - 2*c + 125 = 0. Suppose 0 = -2*a - w - 0*w + 4, -5*a + c = -5*w. Is a prime?
True
Suppose 5 + 19 = -4*c. Is -10*75/c - -2 a prime number?
True
Suppose -5*c = 4*b - 18, -3*b - 14 = -3*c + 13. Let u(i) be the third derivative of -i**6/120 + i**5/12 + i**4/4 + 7*i**3/6 + 2*i**2. Is u(c) composite?
False
Let u = 1342 + -683. Is u composite?
False
Let h(y) = y**2 - 4*y + 5. Let z be h(5). Let k be (-4)/z + 17/5. Suppose -4*l + 67 = -k*l. Is l composite?
False
Suppose -778 = -19*l + 17*l. Is l composite?
False
Let r = -21 + 19. Suppose 4*z = 152 + 1208. Is (-1)/r - z/(-8) prime?
True
Suppose 4*k - 5*k + 46 = 0. Suppose -2*v + 152 - k = 0. Is v composite?
False
Let o = 1619 + -852. Is o prime?
False
Suppose 3*i - 19 = d, -5*i - d = 3*d - 26. Suppose -2*g + i*g - 596 = 0. Is g composite?
False
Let g(d) be the third derivative of -d**4/24 - 3*d**3/2 - 4*d**2. Let t be g(-9). Let a = 38 + t. Is a a prime number?
False
Suppose 2*a - g - 1470 = 0, 232 = a + 3*g - 517. Is a prime?
False
Let a = 10 - 4. Let x(g) = 64*g - 5. Is x(a) prime?
True
Is (-768)/(-10) - (32/(-20))/8 prime?
False
Let u = 15 + 1544. Is u composite?
False
Let a(t) = -t**3 + 2*t**2 + t + 1. Let m be -1 + (-1 + 0 - 0). Is a(m) a prime number?
False
Suppose 5*u + 2*y = -y + 1055, 0 = 2*y. Suppose 5*n - u = 54. Is n a prime number?
True
Let l be (-1 + 0)*1/1. Let i = 4 - l. Suppose 0*a - 55 = -i*a. Is a prime?
True
Let m(y) = 80*y - 8. Let f be m(10). Is f/32 - 1/(-4) a prime number?
False
Let r(l) = -2 + l**2 - 1 + 2*l**2 + 5*l. Is r(-5) a composite number?
False
Is ((3 - 3) + 1)*521 prime?
True
Let h(i) = -i + 2*i + 2*i. Let w = 10 - 9. Is h(w) a prime number?
True
Let v be ((-54)/(-8))/(10/(-40)). Let x = -53 - -99. Let k = x + v. Is k a prime number?
True
Suppose -u = -0*u - 10. Let k be (-2)/2 + -1 + u. Let o(n) = -n**2 + 11*n - 11. Is o(k) composite?
False
Let q(m) = 37*m**2 + 3*m + 3. Let w = -24 - -26. Is q(w) a prime number?
True
Suppose 0 = -m + 1 + 6. Let l(v) = -6*v + 2 + 0*v**2 - 2*v**2 + 3*v**2 + 2*v. Is l(m) prime?
True
Let j(d) = -d**2 + 4*d + 6. Let k be j(5). Let v be (-1)/2*(0 + 2). Is v/k*2 - -24 a prime number?
False
Let w(g) = g**3 - 10*g**2 + 14*g - 11. Is w(9) composite?
True
Let r(m) = 4*m**2 - 7*m + 8. Let k be r(7). Suppose 0*d + 5*d = k. Is d prime?
True
Suppose -21 = 2*a - 5*a + 3*p, -22 = -a + 4*p. Suppose -158 = -2*z - k, 85 = z - a*k + 4*k. Is z composite?
True
Suppose d = -2*d - 6. Let v be (1/d)/((-2)/88). Suppose -g + 3*h = h - 9, 3*g = h + v. Is g composite?
False
Suppose 0 = 4*q - 12. Suppose -z - 1 = -4. Suppose 0 = q*u + 3*a - 60, -z*a - 28 = -u - 0. Is u prime?
False
Let q = 646 + -159. Is q prime?
True
Suppose 96 = 15*w - 11*w. Let q = w - -14. Is q a composite number?
True
Let s = -7 + 10. Suppose -s*r = r. Suppose 4*c + r*n - 121 = -3*n, -n + 92 = 3*c. Is c a prime number?
True
Let x = -7 + 15. Suppose -x = -2*l + 6*l. Let u(m) = -8*m - 3. Is u(l) composite?
False
Let h be 1/(((-2)/2)/(-5)). Suppose 4*p - 1261 = -9*l + 4*l, h*l + 3*p - 1262 = 0. Is l composite?
True
Suppose 3*v - 28 = v. Suppose -2*h + 13 = -1. Let a = v - h. Is a a prime number?
True
Suppose 5*n - 211 = -3*a - 0*a, 2*n - 92 = -5*a. Let r = 60 - n. Is r prime?
True
Let n(h) = -h**2 + 14*h + 7. Suppose -b - 2*b + 39 = 0. Let w(l) = 2*l**2 - 29*l - 14. Let k(o) = b*n(o) + 6*w(o). Is k(7) a prime number?
False
Let h(j) = 122*j**2 + 3*j - 2. Is h(-3) a prime number?
True
Suppose 4*l = -3*f + 4663, 3 + 2 = -l. Is f a composite number?
True
Suppose 0 = -d - d + 4. Is 14 + (0/1)/d a composite number?
True
Suppose -5*s - 137 = 3*z, 0 = -4*z - 2*s - 299 + 93. Let d(c) = c**3 + 9*c**2 + 12*c + 5. Let b be d(-9). Let j = z - b. Is j prime?
False
Is (-3 - 523/1)/(-2) prime?
True
Let q(b) be the second derivative of b**5/20 + b**4/12 + b**3/6 + 33*b**2/2 + b. Let f = -2 - -2. Is q(f) a prime number?
False
Suppose -3*n + 1375 = -4*k, 0*n = -3*n - 3*k + 1368. Is n composite?
False
Suppose -4*k + 2*g = 4*g + 22, -2*g = -4*k - 10. Let m = k - -42. Is m prime?
False
Suppose p - 5*s + s + 4 = 0, 5*p = 3*s - 3. Suppose p = -4*x - 3*f + 279 + 1345, 0 = 2*x - 4*f - 834. Is x prime?
True
Is (-3 - 1)/1 - -302 composite?
True
Let f(j) = -91*j. Let l be f(-5). Let c be (-1325)/(-9) + (-2)/9. Suppose -c + l = 4*y. Is y a composite number?
True
Suppose -2*s - 9790 = -4*p, 6*p - 3*s = 2*p + 9791. Is p a composite number?
False
Let f = 67 + -138. Let x = f - -338. Is x composite?
True
Suppose -2008 = 5*m - 7098. Is m composite?
True
Let f be (-32)/(1/(9/(-2))). Suppose 27 = 3*m - f. Is -3*(-2)/9*m composite?
True
Let i = 1100 - -302. Is i a prime number?
False
Let n be (-93)/(-15) + 1/(-5). Suppose -n*u + 4*u + 154 = 0. Is u a prime number?
False
Suppose 0 = -w + 5*k + 6, 0*k = 5*w - 5*k - 30. Let h(u) = -1 - 3*u + 3 + 5*u. Is h(w) prime?
False
Is (1*-3 - (-10 - -4)) + 352 a composite number?
True
Let h = -2 - -2. Let j = h - 2. Is 37/(j - (-6)/2) composite?
False
Let i be 2/(12/33)*-8. Let k be (-2)/11 - 7576/i. Suppose k = 7*m - 3*m. Is m composite?
False
Let d = 0 + 6. Let b(t) = t**2 + t - 1. Let r(a) = 5*a**2 + 3*a - 4. Let h(z) = -9*b(z) + 2*r(z). Is h(d) a composite number?
False
Let x = -3 - -5. Suppose 4*m + 13 = x*b + m, -2 = 2*m. Suppose 5*l - p = -b*p + 95, 4*l - 3*p - 107 = 0. Is l a prime number?
True
Let a(v) = v**3 - 2*v**2 - v - 1. Let l be a(3). Suppose 3*q + l*n = 129, 4*n + 137 = 4*q - n. Suppose -5*m - 4*j + 121 = 0, m + 9 = -2*j + q. Is m composite?
True
Suppose 4*y + 3*w + 2 = -y, -w + 1 = 0. Let i(m) = 746*m**2 + m. Is i(y) a composite number?
True
Let j(d) = -d**3 + 2*d**2 + d - 2. Let q be j(3). Let x(l) = -3*l - 12 - 6*l + 1 + l. Is x(q) composite?
False
I